 the tens digit of 933?
3
What is the tens digit of 796?
9
What is the thousands digit of 2614?
2
What is the hundreds digit of 50132?
1
What is the units digit of 6042?
2
What is the units digit of 62596?
6
What is the ten thousands digit of 68169?
6
What is the units digit of 13098?
8
What is the units digit of 464?
4
What is the units digit of 1181?
1
What is the tens digit of 53?
5
What is the tens digit of 1354?
5
What is the thousands digit of 2289?
2
What is the thousands digit of 1065?
1
What is the thousands digit of 2479?
2
What is the units digit of 19493?
3
What is the hundreds digit of 400?
4
What is the units digit of 853?
3
What is the tens digit of 120?
2
What is the units digit of 11503?
3
What is the thousands digit of 41750?
1
What is the tens digit of 5678?
7
What is the units digit of 3483?
3
What is the tens digit of 17242?
4
What is the hundreds digit of 463?
4
What is the units digit of 728?
8
What is the thousands digit of 3510?
3
What is the units digit of 1688?
8
What is the tens digit of 6133?
3
What is the tens digit of 1354?
5
What is the hundreds digit of 12348?
3
What is the units digit of 18?
8
What is the tens digit of 87474?
7
What is the ten thousands digit of 25606?
2
What is the hundreds digit of 621?
6
What is the ten thousands digit of 23879?
2
What is the hundreds digit of 10374?
3
What is the hundreds digit of 397?
3
What is the tens digit of 26289?
8
What is the tens digit of 1049?
4
What is the thousands digit of 109333?
9
What is the hundreds digit of 6169?
1
What is the units digit of 739?
9
What is the tens digit of 16760?
6
What is the tens digit of 5000?
0
What is the tens digit of 1291?
9
What is the ten thousands digit of 31266?
3
What is the hundreds digit of 23268?
2
What is the hundreds digit of 17393?
3
What is the tens digit of 3187?
8
What is the hundreds digit of 406?
4
What is the thousands digit of 62856?
2
What is the thousands digit of 61881?
1
What is the thousands digit of 1910?
1
What is the units digit of 30755?
5
What is the units digit of 11136?
6
What is the units digit of 1009?
9
What is the units digit of 493?
3
What is the tens digit of 1882?
8
What is the tens digit of 4349?
4
What is the units digit of 36141?
1
What is the units digit of 7441?
1
What is the tens digit of 46050?
5
What is the hundreds digit of 222?
2
What is the hundreds digit of 3484?
4
What is the ten thousands digit of 189425?
8
What is the hundreds digit of 3821?
8
What is the units digit of 632?
2
What is the tens digit of 874?
7
What is the ten thousands digit of 25693?
2
What is the thousands digit of 20078?
0
What is the thousands digit of 5284?
5
What is the hundreds digit of 71507?
5
What is the tens digit of 1352?
5
What is the ten thousands digit of 12621?
1
What is the thousands digit of 9975?
9
What is the hundreds digit of 8776?
7
What is the hundreds digit of 1483?
4
What is the tens digit of 9057?
5
What is the thousands digit of 8221?
8
What is the hundreds digit of 296?
2
What is the tens digit of 8794?
9
What is the thousands digit of 14774?
4
What is the hundreds digit of 9561?
5
What is the units digit of 1824?
4
What is the units digit of 862?
2
What is the thousands digit of 2512?
2
What is the units digit of 4732?
2
What is the tens digit of 11654?
5
What is the tens digit of 9374?
7
What is the hundreds digit of 82063?
0
What is the hundreds digit of 3394?
3
What is the thousands digit of 54884?
4
What is the hundreds digit of 2323?
3
What is the units digit of 1219?
9
What is the units digit of 16571?
1
What is the thousands digit of 5247?
5
What is the tens digit of 9103?
0
What is the units digit of 5140?
0
What is the thousands digit of 60431?
0
What is the hundreds digit of 11247?
2
What is the units digit of 70264?
4
What is the units digit of 293?
3
What is the thousands digit of 4244?
4
What is the tens digit of 33897?
9
What is the units digit of 1263?
3
What is the thousands digit of 1567?
1
What is the tens digit of 1958?
5
What is the tens digit of 67154?
5
What is the units digit of 9042?
2
What is the hundreds digit of 14080?
0
What is the units digit of 752?
2
What is the hundreds digit of 6827?
8
What is the tens digit of 13833?
3
What is the tens digit of 510?
1
What is the tens digit of 374?
7
What is the tens digit of 3245?
4
What is the thousands digit of 42588?
2
What is the hundreds digit of 572?
5
What is the thousands digit of 46326?
6
What is the units digit of 17976?
6
What is the ten thousands digit of 112541?
1
What is the hundreds digit of 2052?
0
What is the ten thousands digit of 56614?
5
What is the hundreds digit of 48719?
7
What is the tens digit of 1830?
3
What is the tens digit of 462?
6
What is the tens digit of 3639?
3
What is the hundreds digit of 37218?
2
What is the tens digit of 6574?
7
What is the thousands digit of 1409?
1
What is the hundreds digit of 9519?
5
What is the units digit of 6353?
3
What is the thousands digit of 10256?
0
What is the units digit of 422?
2
What is the tens digit of 1233?
3
What is the units digit of 3734?
4
What is the hundreds digit of 1009?
0
What is the ten thousands digit of 29096?
2
What is the thousands digit of 5172?
5
What is the thousands digit of 1282?
1
What is the units digit of 1041?
1
What is the tens digit of 68?
6
What is the tens digit of 81919?
1
What is the tens digit of 26099?
9
What is the units digit of 18234?
4
What is the hundreds digit of 1473?
4
What is the thousands digit of 3854?
3
What is the units digit of 61?
1
What is the tens digit of 14739?
3
What is the units digit of 2?
2
What is the thousands digit of 48536?
8
What is the tens digit of 2702?
0
What is the ten thousands digit of 34072?
3
What is the thousands digit of 8802?
8
What is the tens digit of 43907?
0
What is the hundred thousands digit of 128345?
1
What is the tens digit of 270?
7
What is the tens digit of 341?
4
What is the hundreds digit of 73110?
1
What is the tens digit of 16196?
9
What is the hundreds digit of 974?
9
What is the tens digit of 1175?
7
What is the thousands digit of 5349?
5
What is the hundreds digit of 2006?
0
What is the thousands digit of 15039?
5
What is the hundreds digit of 949?
9
What is the thousands digit of 1907?
1
What is the units digit of 28376?
6
What is the tens digit of 16167?
6
What is the thousands digit of 25211?
5
What is the hundreds digit of 62763?
7
What is the units digit of 9712?
2
What is the thousands digit of 1153?
1
What is the units digit of 3439?
9
What is the tens digit of 8514?
1
What is the hundreds digit of 8572?
5
What is the hundreds digit of 173?
1
What is the tens digit of 1344?
4
What is the hundreds digit of 302?
3
What is the units digit of 5910?
0
What is the thousands digit of 4708?
4
What is the thousands digit of 34184?
4
What is the units digit of 3324?
4
What is the hundreds digit of 2833?
8
What is the hundreds digit of 15122?
1
What is the tens digit of 5248?
4
What is the ten thousands digit of 53261?
5
What is the tens digit of 2071?
7
What is the thousands digit of 22114?
2
What is the units digit of 1258?
8
What is the units digit of 118514?
4
What is the hundreds digit of 747?
7
What is the thousands digit of 73702?
3
What is the tens digit of 1076?
7
What is the tens digit of 686?
8
What is the hundreds digit of 10488?
4
What is the thousands digit of 4161?
4
What is the tens digit of 842?
4
What is the hundreds digit of 19678?
6
What is the hundreds digit of 3832?
8
What is the hundreds digit of 9859?
8
What is the hundreds digit of 79960?
9
What is the thousands digit of 15678?
5
What is the ten thousands digit of 18120?
1
What is the units digit of 938?
8
What is the units digit of 19423?
3
What is the units digit of 7782?
2
What is the tens digit of 713?
1
What is the tens digit of 11619?
1
What is the ten thousands digit of 41469?
4
What is the units digit of 4865?
5
What is the hundreds digit of 3578?
5
What is the ten thousands digit of 38004?
3
What is the hundreds digit of 5116?
1
What is the units digit of 72193?
3
What is the ten thousands digit of 83082?
8
What is the tens digit of 545?
4
What is the thousands digit of 8508?
8
What is the hundreds digit of 34247?
2
What is the thousands digit of 10518?
0
What is the units 